t -5453 (base 11) to base 16.
-1c1d
Convert -3559 (base 13) to base 11.
-5708
What is 13311030 (base 4) in base 10?
32076
What is -15a9 (base 12) in base 11?
-1a33
-10412 (base 6) to base 4
-112220
2004404 (base 5) to base 14
b874
What is -13441 (base 5) in base 4?
-101201
What is 4544 (base 9) in base 6?
23321
What is 133442 (base 5) in base 7?
22012
Convert 234 (base 5) to base 9.
76
-7113 (base 9) to base 16
-144c
What is 201100 (base 3) in base 6?
2230
What is -94c7 (base 16) in base 8?
-112307
Convert 11212 (base 4) to base 8.
546
2023101 (base 4) to base 9
13203
88 (base 11) to base 15
66
What is 118 (base 13) in base 5?
1230
What is 2311121 (base 4) in base 11?
87a4
Convert -220201 (base 3) to base 12.
-477
What is -200212 (base 3) in base 12?
-365
What is c0 (base 15) in base 8?
264
-622 (base 12) to base 15
-3e5
427 (base 8) to base 3
101100
Convert -343 (base 12) to base 2.
-111100011
Convert -32322 (base 6) to base 9.
-6075
20044 (base 5) to base 8
2372
21211001 (base 3) to base 2
1011001000010
Convert -10010302 (base 4) to base 10.
-16690
What is -13303 (base 4) in base 13?
-2c5
Convert 138 (base 10) to base 9.
163
What is -244 (base 9) in base 8?
-312
45 (base 9) to base 15
2b
-1a (base 16) to base 8
-32
Convert -874 (base 12) to base 6.
-5424
Convert -8889 (base 16) to base 15.
-a553
Convert 522134 (base 6) to base 5.
2320322
What is -1311 (base 7) in base 4?
-13302
What is 248a (base 16) in base 9?
13743
-7a0 (base 12) to base 13
-68a
Convert 36 (base 10) to base 15.
26
Convert -3517 (base 9) to base 7.
-10414
-1221303 (base 6) to base 10
-65127
Convert 120120 (base 4) to base 13.
930
18ff (base 16) to base 11
4898
1035 (base 9) to base 13
467
What is 1135341 (base 6) in base 11?
40801
-194 (base 10) to base 12
-142
What is -67 (base 9) in base 16?
-3d
What is -2106 (base 9) in base 7?
-4335
Convert 311a (base 15) to base 12.
6007
Convert 1221 (base 4) to base 7.
210
What is -40252 (base 6) in base 5?
-132123
Convert -22b6 (base 15) to base 16.
-1ccb
-11011100 (base 2) to base 6
-1004
Convert -122321 (base 4) to base 12.
-bb5
27755 (base 8) to base 5
343034
Convert -dd6d (base 15) to base 8.
-133467
Convert -20001020 (base 3) to base 8.
-10467
What is -60 (base 11) in base 3?
-2110
-6a4 (base 14) to base 9
-1726
What is 6125 (base 8) in base 12?
19b1
a13 (base 12) to base 5
21310
What is 3061 (base 7) in base 2?
10000110000
Convert -1222 (base 6) to base 4.
-10232
Convert 1012 (base 9) to base 12.
518
Convert 400102 (base 5) to base 13.
5918
-489 (base 12) to base 8
-1251
Convert 113d (base 16) to base 13.
2016
What is 1020121 (base 4) in base 12?
2821
Convert -4a15 (base 11) to base 3.
-22222121
-513231 (base 6) to base 5
-2302130
-25231 (base 10) to base 5
-1301411
Convert -35716 (base 8) to base 6.
-154514
4332 (base 5) to base 13
367
What is -1103030 (base 5) in base 3?
-222020220
Convert -2313 (base 4) to base 7.
-351
Convert 27662 (base 8) to base 4.
2332302
-150 (base 9) to base 6
-330
35270 (base 11) to base 4
30123101
-5d4 (base 15) to base 4
-110230
Convert -5b70 (base 16) to base 15.
-6e08
What is 1807 (base 15) in base 7?
21052
What is -20400 (base 5) in base 10?
-1350
What is -30317 (base 8) in base 11?
-942a
2288 (base 13) to base 15
167e
What is -11a (base 15) in base 13?
-163
What is 356 (base 9) in base 7?
600
What is -1122212 (base 6) in base 15?
-120ab
What is 1560 (base 16) in base 11?
4125
17f1 (base 16) to base 11
4672
Convert 131066 (base 8) to base 5.
2424442
Convert -169 (base 13) to base 15.
-121
What is 1110110100101 (base 2) in base 5?
220324
-3414 (base 5) to base 6
-2124
Convert -786 (base 14) to base 8.
-2722
What is -3153 (base 6) in base 15?
-32c
What is -106 (base 12) in base 16?
-96
What is 714d (base 16) in base 7?
150364
Convert -60a (base 14) to base 9.
-1557
-5646 (base 7) to base 15
-913
What is 3259 (base 10) in base 12?
1a77
What is 116a (base 12) in base 10?
1954
What is 107b3 (base 12) in base 3?
1010000100
What is 350225 (base 7) in base 6?
1201315
Convert 1000111101 (base 2) to base 13.
351
What is 1112220 (base 5) in base 13?
8c63
What is 2aa19 (base 12) in base 2?
1110101100110101
What is -5041 (base 11) in base 7?
-25351
1809 (base 12) to base 13
1413
Convert 322103 (base 4) to base 12.
21ab
-5489 (base 11) to base 16
-1c44
Convert 3b9 (base 12) to base 6.
2353
2a04 (base 15) to base 2
10001100101100
Convert 9541 (base 12) to base 15.
4c81
-24464 (base 7) to base 4
-1210100
Convert -105512 (base 6) to base 14.
-3420
Convert 42011 (base 6) to base 5.
134443
Convert -18120 (base 14) to base 9.
-102104
What is -369 (base 10) in base 11?
-306
What is -455 (base 9) in base 15?
-19e
What is -1000 (base 8) in base 3?
-200222
What is 80603 (base 9) in base 6?
1045133
What is -1011001111 (base 2) in base 4?
-23033
564 (base 7) to base 12
203
What is -122220210 (base 3) in base 8?
-31406
111100001011 (base 2) to base 15
121b
What is 1222211 (base 3) in base 15?
66d
Convert -233 (base 15) to base 3.
-200110
Convert -20381 (base 10) to base 4.
-10332131
What is 3862 (base 10) in base 14?
159c
-312 (base 10) to base 9
-376
1132 (base 8) to base 4
21122
-413 (base 6) to base 9
-180
332043 (base 5) to base 6
125203
What is 821 (base 12) in base 14?
601
Convert -210021 (base 3) to base 12.
-3ba
Convert b2 (base 15) to base 5.
1132
Convert -1147 (base 9) to base 14.
-44d
Convert -25053 (base 6) to base 4.
-321321
What is -10223 (base 4) in base 5?
-2144
What is 805 (base 13) in base 9?
1767
What is -10000010100101 (base 2) in base 4?
-2002211
What is 102106 (base 7) in base 8?
42214
Convert -753e (base 15) to base 8.
-60351
-b723 (base 12) to base 9
-30440
What is -87 (base 16) in base 6?
-343
Convert 1121102 (base 4) to base 10.
5714
-aa (base 15) to base 11
-136
13021 (base 5) to base 13
5ca
-5574 (base 9) to base 7
-15001
Convert b1 (base 16) to base 6.
453
Convert -154d (base 14) to base 10.
-3793
-c0a (base 15) to base 9
-3641
102123 (base 7) to base 10
17559
Convert -1111100100110 (base 2) to base 8.
-17446
What is -3 (base 16) in base 13?
-3
What is 11101011 (base 2) in base 13?
151
Convert -100110101111001 (base 2) to base 13.
-9048
What is 1d3 (base 14) in base 13?
234
-249c (base 13) to base 4
-1101033
-1c9 (base 14) to base 2
-101110101
-100102 (base 3) to base 9
-312
What is -573 (base 9) in base 6?
-2103
Convert 201020110 (base 3) to base 7.
55614
What is 3010211 (base 5) in base 16?
b9c4
Convert 531 (base 11) to base 6.
2543
-43336 (base 7) to base 9
-15737
Convert -14427 (base 9) to base 16.
-2662
What is 1483 (base 10) in base 7?
4216
Convert 3604 (base 10) to base 2.
111000010100
What is -10618 (base 9) in base 12?
-4108
-3a0 (base 13) to base 2
-1001111101
78a1 (base 12) to base 3
200100011
Convert -73 (base 11) to base 10.
-80
What is -222 (base 11) in base 3?
-100212
What is -1578 (base 13) in base 2?
-110001000101
Convert -149d (base 15) to base 5.
-120143
-30364 (base 7) to base 9
-11127
Convert 30 (base 8) to base 2.
11000
Convert 1135302 (base 6) to base 14.
1798a
What is 2101 (base 4) in base 5?
1040
-9d (base 16) to base 8
-235
26021 (base 10) to base 9
38622
Convert -3b91 (base 14) to base 7.
-42441
What is -2511 (base 8) in base 5?
-20403
Convert 29b0 (base 12) to base 11.
3740
Convert 40004 (base 5) to base 14.
cac
What is 11b9 (base 15) in base 14?
1538
1443 (base 6) to base 14
1d9
702 (base 13) to base 9
1556
b025 (base 14) to base 7
154045
Convert 11030131 (base 4) to base 15.
6487
Convert 4801 (base 14) to base 12.
7315
Convert 22541 (base 6) to base 12.
1a51
Convert -4532 (base 6) to base 4.
-100220
Convert -11101011111 (base 2) to base 5.
-30022
What is -2330 (base 6) in base 7?
-1425
Convert -210 (base 13) to base 15.
-186
17041 (base 11) to base 15
71a3
What is 891 (base 13) in base 8?
2676
What is -10110010011010 (base 2) in base 7?
-45201
Convert 1cc0 (base 13) to base 14.
184d
What is 12030231 (base 4) in base 6?
313313
Convert -10023330 (base 4) to base 13.
-7a61
Convert 16ad (base 14) to base 7.
14606
What is -3214 (base 6) in base 7?
-2062
-11201010 (base 3) to base 16
-d68
What is -1a2d (base 14) in base 7?
-16556
1600 (base 11) to base 15
922
What is 160 (base 12) in base 13?
138
-1263 (base 12) to base 15
-946
Convert 249a (base 12) to base 4.
100